 -2*x - 1. What is the remainder when 55 is divided by ((-5)/(-15))/(x/(-57))?
17
What is the remainder when (-28)/(-3)*(-3)/(-2) is divided by 5?
4
Suppose 0 = -3*v + 5*v - 128. What is the remainder when v is divided by 13?
12
Suppose -2*s = -6*s - 16. Let r(g) = g**2 - 2*g - 1. What is the remainder when 44 is divided by r(s)?
21
Let v = 0 + 2. Let m(n) = n**2 - 2*n + 1. Let b be m(v). Calculate the remainder when 9 is divided by b - (-2 - (-6)/(-3)).
4
Let j = 25 + 11. What is the remainder when j is divided by 19?
17
Suppose -3*i + 2*i = -17. Let p(c) = 2*c + 2. Calculate the remainder when i is divided by p(2).
5
Let z(y) = 51*y**3 + y + 2. Let k(h) = -25*h**3 - 1. Let t(c) = -5*k(c) - 2*z(c). What is the remainder when t(1) is divided by 8?
6
Suppose -2*v + 3*j - 20 = 2*j, -5*v = -4*j + 44. Let t = 13 - 21. Let q = t - v. What is the remainder when 11 is divided by q?
3
Let o(w) = -5*w - 7. Suppose -4*z - 24 = -6*z. What is the remainder when o(-6) is divided by z?
11
Let b = -6 + 8. Suppose 5*h - b*o = 7, 3*o + 3 = 2*h + 2*o. What is the remainder when 15 is divided by h/2*(18 + -2)?
7
Let n = -6 - -8. Calculate the remainder when (-13)/13*9/(-3) is divided by n.
1
Suppose 2*w = 5*r - 40 - 7, 5*w + 13 = 3*r. Suppose -5*i + 26 = -9. What is the remainder when r is divided by i?
4
Let f = -24 + 33. Calculate the remainder when 25 is divided by f.
7
Suppose 5*r - 1 = 4. Suppose -4*s = -r - 19. What is the remainder when 8 is divided by s?
3
Let h(w) = -4*w - 7. Let u(r) = -2*r - 3. Let i(z) = -4*h(z) + 10*u(z). Calculate the remainder when 19 is divided by i(-3).
9
What is the remainder when (38/(-8))/(2/(-8)) is divided by 7?
5
Let v = 3 - -2. Suppose -k = -v*k + 176. Calculate the remainder when k is divided by 23.
21
Suppose 2*r = 3*t, -2*r = -t - 4 - 4. Calculate the remainder when (68/20)/(1/5) is divided by r.
5
Let r = 104 + -87. What is the remainder when 65 is divided by r?
14
Suppose 0 = 3*h + 2*h - 355. Suppose 3*f + 3*z - 2*z = h, -4*f + 96 = z. Calculate the remainder when f is divided by (-2)/6 + 84/9.
7
Suppose -4*z + 38 = -5*h, -z - 15 = -4*z - 3*h. What is the remainder when 13 is divided by z?
6
Suppose 3*f + 12 = 3*m, -m = 2*m + 4*f - 5. Suppose -5*s + m*s - 6 = 0. Calculate the remainder when 206/5 + s/15 is divided by 11.
8
Let f(k) = k**2 - 3*k - 16. Let n be f(7). Let w = n - 7. What is the remainder when 17 is divided by w?
2
Suppose -5*f = -25, -5*m - 22 + 142 = 5*f. Suppose m = 3*u + 4. What is the remainder when u is divided by 4?
1
Suppose 0 = -4*z, 67 + 50 = 3*t + 2*z. Let h = 59 - t. Suppose 3*o - h = o. What is the remainder when 19 is divided by o?
9
Let m(k) = -14*k - 7. What is the remainder when (2 - -8) + (0 - -2) is divided by m(-1)?
5
Suppose -25 = -w - 4*y, -4*w = -3*w + 5*y - 27. Suppose 0 = -5*a + 3*r - 12, a + a + 2 = 4*r. What is the remainder when -6*(a - 15/6) is divided by w?
16
What is the remainder when 9 is divided by (-6 - -3)/((-3)/3)?
0
Let w(o) = -3*o + 50. Calculate the remainder when 53 is divided by w(12).
11
Suppose 0 = 8*g - 129 - 31. What is the remainder when 59 is divided by g?
19
Suppose 580 + 246 = 7*z. Calculate the remainder when z is divided by 20.
18
Let c(q) = -q**3 - q**2 + 5*q - 3. Let x = -33 - -46. Calculate the remainder when c(-4) is divided by x.
12
Suppose 4 = -3*r + 16. Suppose -4*k + 2*g + 2*g = -32, 4*g = -r. What is the remainder when 13 is divided by k?
6
Suppose k + 52 = 2*m, -4*k - 68 = -6*m + 3*m. Calculate the remainder when 94 is divided by m.
10
Let a = 9 - -32. Let w = -3 + -2. Let c = w + a. Calculate the remainder when c is divided by 19.
17
Let d(a) = -a + 4. What is the remainder when d(0) is divided by 2*(-3)/(-6) + 1?
0
What is the remainder when 102 is divided by (-12)/10 - -1 - (-106)/5?
18
Suppose 0 = 5*y - 0*y, -2*z = 3*y - 30. Let h(d) = -d**3 - 6*d**2 + 6*d - 1. What is the remainder when z is divided by h(-7)?
3
Let a = -17 - -4. What is the remainder when (a*1)/(-5 + 4) is divided by 5?
3
Suppose 0 = 3*l - 2*a - 58, l - 5*a - 46 + 5 = 0. Let x = 33 - 10. Suppose -5*i = 4*p - 41, 2*i + 2*i + x = 3*p. What is the remainder when l is divided by p?
7
Suppose 0 = -3*w + 10 - 1. Suppose -w*o + 8 = o. Let m(a) = 4*a**3 + 2*a**2 - 3*a + 1. Calculate the remainder when m(o) is divided by 12.
11
Let y = 18 + -33. Let h = y - -21. Suppose 4*m - 24 = 16. Calculate the remainder when m is divided by h.
4
Let v be (-3)/5 - (-6)/10. Suppose v = -4*p - 0*p + 244. What is the remainder when p is divided by 21?
19
Suppose -5*h - 2 = -27. Let d(t) = -1 + t**2 + h*t + 0*t + 6. What is the remainder when d(-6) is divided by 6?
5
Let f = -7 - -5. Let a be 12/3 - f/(-2). Calculate the remainder when 44 is divided by (((-180)/a)/2)/(-2).
14
Let z(u) = -u**3 - 6*u**2 + 9*u + 17. What is the remainder when 12 is divided by z(-7)?
0
Let j = 2 - -13. Let t = 144 - 141. Calculate the remainder when j is divided by t.
0
Let a = 16 + -10. Let d be a - 1 - (7 + -5). Suppose d*u = 7*u - 16. What is the remainder when 13 is divided by u?
1
Let f(p) = -p**2 - 7*p. Let n be f(-7). Let w be 2/((-3)/(6 - n)). Calculate the remainder when w/18 - (-573)/27 is divided by 11.
10
Let d(w) = -w**2 - 12*w. Let g be d(-12). Calculate the remainder when g + -2 - 1*-25 is divided by 12.
11
Let h(f) = -2*f**2 + 14*f - 13. Let t(v) = -v**2 + 1. Let z(x) = -h(x) + t(x). What is the remainder when z(13) is divided by 1?
0
Let c(w) be the second derivative of w**3/6 + w. Let l = 36 + -22. What is the remainder when l is divided by c(8)?
6
Let j be 2 - 4 - 2 - -10. What is the remainder when 25 is divided by (j/4)/(5/30)?
7
Let x = -2 - -6. What is the remainder when x/(-1 - 3)*-14 is divided by 2/6 + 14/3?
4
Let d(z) = -2*z**2 - 14*z - 4. Calculate the remainder when 45 is divided by d(-5).
13
Let p(n) = n**3 + 16*n**2 + 14*n - 11. Calculate the remainder when 4 is divided by p(-15).
0
Suppose -364*v + 361*v = -18. Let z = -31 + 47. Calculate the remainder when z is divided by v.
4
Let p(g) be the third derivative of -g**4/24 + 10*g**3/3 + g**2. Let o(i) = -7*i**3 - i**2 - i. Calculate the remainder when p(0) is divided by o(-1).
6
Let a(g) = 3*g**2 - 1. Suppose 3*u + 4*x = -22, u - 4*u + 5*x = -14. Let l(f) = 22*f**3 - f**2 - f + 1. Calculate the remainder when l(1) is divided by a(u).
10
Let h = -19 - -44. Let g = -17 + h. Calculate the remainder when 14 is divided by g.
6
Suppose 0 = -2*y + 3*k - 10, -5*k + 29 = -5*y + 4. Let t = y - -9. What is the remainder when t is divided by 3?
1
Let n(m) = m**2 + 17*m + 23. Calculate the remainder when 64 is divided by n(-17).
18
Suppose 3*n - 36 = 2*v, -3*n + 3*v + 2*v + 36 = 0. Suppose 18 + 4 = a. Calculate the remainder when a is divided by n.
10
Suppose 3*n = 6, 0 = -2*v - v + 2*n + 68. Suppose -2*c = h - 2, c + 3*h = 5*c - v. Calculate the remainder when 7 is divided by c.
1
Let n = 14 - 12. Suppose -2*y + 10 = n. What is the remainder when 15 is divided by y?
3
Suppose -j - 29 = 4*p - 71, 4*p + 26 = j. Let u = 96 + -77. Calculate the remainder when j is divided by u.
15
Let v be 3/(1/4*3). Let r be (0/v)/(-1 - -2). Suppose 0*g - g + 4 = r. Calculate the remainder when 6 is divided by g.
2
Suppose 3 = -n + 7. Suppose 4*d - 40 = n*j, -j - 58 = -5*d - 0*j. What is the remainder when d is divided by 7?
5
Let d = 31 + -13. Suppose -5 = -2*t + 15. Calculate the remainder when d is divided by t.
8
What is the remainder when 57 is divided by 742/49 - (-2)/(-14)?
12
Let u(f) = -f**3 - 17*f**2 - 3*f - 28. What is the remainder when 90 is divided by u(-17)?
21
Suppose -1 = 2*n - 11. Suppose -5*w + t + 104 = -0*t, -n*w = -4*t - 116. Calculate the remainder when w is divided by (22/4)/(3/6).
9
Let h be 15/(-6)*(-48)/30. Suppose 3*u + 3*k - 141 = 0, -h*u + 3*k = u - 195. What is the remainder when u is divided by 2/6 + (-32)/(-3)?
9
Let j = -400 + 240. Let q = -89 - j. Calculate the remainder when q is divided by 18.
17
Suppose 4*d - 13 = a, a + 4*d - 15 = d. Let l(h) = 8*h**2 - 2*h - 1. Calculate the remainder when l(a) is divided by 17.
14
Suppose -4*i = -8*i + 32. Let o = i - 4. Suppose -g - 15 = -4*m + 2*m, 0 = -3*m + 3*g + 24. What is the remainder when m is divided by o?
3
Let h(m) = m**3 + 10*m**2 - 14*m - 20. Calculate the remainder when 37 is